{"id":15,"date":"2013-04-25T19:32:39","date_gmt":"2013-04-25T23:32:39","guid":{"rendered":"http:\/\/www.brazilianpress.com\/v1\/?page_id=15"},"modified":"2026-04-08T09:40:41","modified_gmt":"2026-04-08T13:40:41","slug":"classificados","status":"publish","type":"page","link":"https:\/\/www.brazilianpress.com\/v1\/classificados\/","title":{"rendered":"Classificados"},"content":{"rendered":"<h4><img loading=\"lazy\" class=\"alignnone size-full wp-image-60996\" src=\"https:\/\/www.brazilianpress.com\/v1\/wp-content\/uploads\/2025\/07\/banner-topo-classificados.jpg\" alt=\"\" width=\"700\" height=\"140\" srcset=\"https:\/\/www.brazilianpress.com\/v1\/wp-content\/uploads\/2025\/07\/banner-topo-classificados.jpg 700w, https:\/\/www.brazilianpress.com\/v1\/wp-content\/uploads\/2025\/07\/banner-topo-classificados-300x60.jpg 300w\" sizes=\"(max-width: 700px) 100vw, 700px\" \/><\/h4>\n<h4>Diversos:<\/h4>\n<p>*Granito, Marmore. Quartzo, Cabinetes , tudo que voc\u00ea precisa e com a gente. 3 Brothers, ligue para uma pequisa gr\u00e1tis, ligue 973.489.2434 &#8211; 860.304.9806\u00a0 ou 973.393.5279<\/p>\n<p>* Aceitamos encomendas\u00a0 de docinhos , salgados diversos para festas ligue:\u00a0 973.465.5200<\/p>\n<p>*Tax ID,Income Tax, Servi\u00e7os de DMV, Seguros diversos, Renova\u00e7\u00e3o de Passaporte, Tradu\u00e7\u00f5es ETC&#8230; ligue UNITED MULTI SERVICES 275 Chestnut st, Newark.973.494.0971<\/p>\n<p><strong>Cidad\u00e3o Brasileiro<\/strong>, procura Companheira de 45 a 55 anos. Chamar <strong>(201) 306-0643<\/strong><\/p>\n<h4>Im\u00f3veis:<\/h4>\n<p>Aluga-se: Salas Comerciais no 78 Fillmore Street, Newark-NJ.<\/p>\n<p>Ligue (973) 277-1702<\/p>\n<p>&nbsp;<\/p>\n<p>PROPERTY FOR SALE<\/p>\n<p>Ironbound Newark NJ,\u00a0 looking for investors please contact\u00a0 Pedro Mota, new direction Realty (973) 462-6440<\/p>\n<pre><strong>SECURITY CAMERAS:<\/strong>\r\n\r\nTM <span style=\"font-size: 1.21429rem;\">Cameras and Solutions, <\/span>Chame <strong>(973) 583-8629<\/strong><\/pre>\n<h4>Procura-se:<\/h4>\n<p>Contratista de Frame de metal, para trabalhos industriais em New Jersey,<br \/>\nLigue (973) 756-6528.<\/p>\n<h4>Espa\u00e7o Dispon\u00edvel em Container para o Brasil:<\/h4>\n<p>Eletrodom\u00e9sticos (TV, microondas, geladeira, fog\u00e3o etc.,) caixas de<br \/>\n24&#215;29 e\/ou menores para v\u00e1rias Regi\u00f5es do Brasil (201) 702-4811 Marcelo<br \/>\nou (862)241-6183 Cida.<\/p>\n<p><strong>ADOVGADOS:<\/strong><\/p>\n<p>Sofreu um acidente? Procure seus direitos! N\u00f3s podemos te ajudar, ligue hoje mesmo. Gray Injury Law\u00a0 888-FERIDO9<\/p>\n<h4>Certificado Digital:<\/h4>\n<p>Procura\u00e7\u00e3o para o Brasil? Coisa do passado. Assine qualquer documento<br \/>\ncom validade Jur\u00eddica de forma r\u00e1pida e segura. Reconhecido pelo ICP<br \/>\nBrasil (973)277-1702.<\/p>\n<h4>Passagens:<\/h4>\n<p>Precisa de passagens a\u00e9reas, ligue e fa\u00e7a um or\u00e7amento conosco (973)<br \/>\n344-4555<\/p>\n<p><strong>DJ&#8217;S: Anima\u00e7\u00e3o<\/strong><\/p>\n<p>DJ Erv Master\u00a0 908.313.0669<\/p>\n<p>DJ Massa\u00a0 917.991.5732<\/p>\n<p><strong>COMPUTADORES:<\/strong><\/p>\n<p>Consertos de computadores em geral, ligue 973.388.6298<\/p>\n<h4>Lusitania:<\/h4>\n<p>Quer guardar seu dinheiro de forma segura e com uma taxa especial de<br \/>\nrendimentos? Falamos portugues (973) 344-5125 ex 128<\/p>\n<h4>Vers\u00e3o impressa:<\/h4>\n<h4><strong><span style=\"color: #800000;\">Ed.: 2299 . 08\/04\/2026.<\/span><\/strong><\/h4>\n<p><img src=\"https:\/\/i.imgur.com\/4nKq5hH.jpeg\" \/><\/p>\n","protected":false},"excerpt":{"rendered":"<p>Diversos: *Granito, Marmore. Quartzo, Cabinetes , tudo que voc\u00ea precisa e com a gente. 3 Brothers, ligue para uma pequisa gr\u00e1tis, ligue 973.489.2434 &#8211; 860.304.9806\u00a0 ou 973.393.5279 * Aceitamos encomendas\u00a0 de docinhos , salgados diversos para festas ligue:\u00a0 973.465.5200 *Tax ID,Income Tax, Servi\u00e7os de DMV, Seguros diversos, Renova\u00e7\u00e3o de Passaporte, Tradu\u00e7\u00f5es ETC&#8230; ligue UNITED MULTI SERVICES 275 Chestnut st, Newark.973.494.0971 Cidad\u00e3o Brasileiro, procura Companheira de 45 a 55 anos. Chamar (201) 306-0643 Im\u00f3veis: Aluga-se: Salas Comerciais no 78 Fillmore Street, Newark-NJ. Ligue (973) 277-1702 &nbsp; PROPERTY FOR SALE Ironbound Newark NJ,\u00a0 looking for investors please contact\u00a0 Pedro Mota, new direction [&hellip;]<\/p>\n","protected":false},"author":1,"featured_media":0,"parent":0,"menu_order":0,"comment_status":"closed","ping_status":"closed","template":"","meta":{"_links_to":"","_links_to_target":""},"_links":{"self":[{"href":"https:\/\/www.brazilianpress.com\/v1\/wp-json\/wp\/v2\/pages\/15"}],"collection":[{"href":"https:\/\/www.brazilianpress.com\/v1\/wp-json\/wp\/v2\/pages"}],"about":[{"href":"https:\/\/www.brazilianpress.com\/v1\/wp-json\/wp\/v2\/types\/page"}],"author":[{"embeddable":true,"href":"https:\/\/www.brazilianpress.com\/v1\/wp-json\/wp\/v2\/users\/1"}],"replies":[{"embeddable":true,"href":"https:\/\/www.brazilianpress.com\/v1\/wp-json\/wp\/v2\/comments?post=15"}],"version-history":[{"count":506,"href":"https:\/\/www.brazilianpress.com\/v1\/wp-json\/wp\/v2\/pages\/15\/revisions"}],"predecessor-version":[{"id":62439,"href":"https:\/\/www.brazilianpress.com\/v1\/wp-json\/wp\/v2\/pages\/15\/revisions\/62439"}],"wp:attachment":[{"href":"https:\/\/www.brazilianpress.com\/v1\/wp-json\/wp\/v2\/media?parent=15"}],"curies":[{"name":"wp","href":"https:\/\/api.w.org\/{rel}","templated":true}]}}